z) = -z. Let k(q) = 103*q + 2. Let w(v) = -k(v) + 6*y(v). Let i be w(-2). Suppose 2*b + 5*x - i = 0, 4*b + 3*x - 432 = -2*x. List the prime factors of b.
2, 3
Suppose 6*r + 51 = 8*r - 5*m, -3*r + 4*m + 80 = 0. Let k = 65 - r. List the prime factors of (-1 + 17/(-3))/(k/(-1443)).
2, 5, 13
Suppose -4*p + 238 = -3*p - 3*k, 4*k = 3*p - 724. Let v = p + 53. Let u = 524 - v. What are the prime factors of u?
227
Let g = 179 + -166. Let a(k) = 2*k**2 - 17*k + 12. What are the prime factors of a(g)?
3, 43
Let d(s) = -2*s**2 - 21*s - 78. Let c be d(-13). Let x = c + 366. What are the prime factors of x?
223
Let l be (0 + 8 + 0)*-1. What are the prime factors of (-1 + l/(-40))*-130?
2, 13
Let h = -24 + 29. Suppose 4*z + 4 = 0, z - 11 = h*k + 2*z. List the prime factors of (1*k)/((-4)/130).
5, 13
Let v(f) = f**3 - 2*f**2 - 8*f + 4. Let g be v(5). Let x = g - 89. Let l = 93 + x. List the prime factors of l.
43
Let n(s) = -38*s - 97. Let q(c) = -19*c - 48. Suppose 0 = a - k - 10, 5*a = 2*k + 13 + 22. Let v(y) = a*q(y) - 2*n(y). List the prime factors of v(-11).
163
Let n(m) = 4*m + 58. Let j be n(-14). Suppose 0 = -5*b + j*b + 9. Suppose -4*t + u = -u - 296, 2*u = b*t - 222. What are the prime factors of t?
2, 37
Let w(x) = 86*x + 399. Let f be w(-10). Let o = 286 + -488. Let k = o - f. What are the prime factors of k?
7, 37
Let o = -38 + 41. Suppose 2*w - 4*s - 360 = 0, -s + 4*s - 165 = -w. What are the prime factors of w + (1/o)/(2/(-6))?
173
Suppose -2 = -2*z, -5*j = -0*z - z - 6864. List the prime factors of j.
1373
Suppose -18*t - 28*t + 198172 = 6*t. List the prime factors of t.
37, 103
Suppose -18 = -2*c, -49*q - 4*c = -50*q + 20325. List the prime factors of q.
3, 11, 617
Suppose -t = 180 - 1133. Let f = 1428 - t. What are the prime factors of f?
5, 19
Suppose -81*k + 1550949 = -1039188. What are the prime factors of k?
3, 11, 17, 19
Let o be (-5 - -4)*(5 + -8). Let c(a) = 382*a - 72. List the prime factors of c(o).
2, 3, 179
Let c(f) = -38*f**2 - 23*f - 35. Let q(o) = -25*o**2 - 15*o - 23. Let s(i) = 5*c(i) - 8*q(i). What are the prime factors of s(-6)?
3, 113
Let u be (0 + -2)*(-689)/26. What are the prime factors of 2*3*u*44/33?
2, 53
Suppose -40*j - 754942 + 2096542 + 946240 = 0. What are the prime factors of j?
2, 79, 181
Let g(y) = 161*y**2 + 117*y + 480. List the prime factors of g(-4).
2, 647
Let c(s) = 48*s**2 + 44*s - 401. What are the prime factors of c(10)?
3, 1613
Let l(z) = -10 + 2*z**2 - 5 - z**2 - 3*z. Let f = 6691 + -6702. List the prime factors of l(f).
139
Let d = 383 - 376. Suppose 6004 = d*p + 12*p. List the prime factors of p.
2, 79
Suppose 0 = 43*c - 45*c - 1942. Let i = -485 - c. List the prime factors of i.
2, 3
Let f be (-1)/(1/(-6)) + -1. Suppose -4*i = 5*o - 3189, -f*i - 2172 = -5*o + 1008. Suppose -9*a + o = -2*a. List the prime factors of a.
7, 13
Let g = -27 - -25. What are the prime factors of 4*g/40*-1745?
349
Suppose 8*g = 10*g - 26. Suppose 0 = -6*k + 187 - g. List the prime factors of k.
29
Let j be 2/(-3)*-1*-3. List the prime factors of (-5 + 4 - 0/j)*-1214.
2, 607
Suppose 123*q = 128*q - 5*c - 148545, -59390 = -2*q - 5*c. What are the prime factors of q?
5, 13, 457
Let u = 104 + -92. Suppose -a = -2*h + 20, 3*a + h = -2*h - 42. What are the prime factors of (a/u + 1)*-57?
19
Suppose 0 = 3*l + w - 14, w = -5*l - 19 + 41. Suppose -8*m = -l*m - 3464. List the prime factors of m.
2, 433
Suppose -4*x + 5*p + 275082 = 0, -22*x = -24*x - 2*p + 137568. List the prime factors of x.
2, 3, 3821
Let n(k) = 31*k + 5. Let b be n(-2). Let o = -55 - b. Suppose p = 3*a - 64, o*a - 5*p + 0*p = 60. List the prime factors of a.
2, 5
Let z = -8634 + 12229. List the prime factors of z.
5, 719
Let l(n) = -107*n**3 + n**2 - n. Let q be l(1). Let i = q + 111. Suppose i = 4*b, 0*v + 2*v + 2*b = 112. List the prime factors of v.
5, 11
Let a be (368/22)/4 - 2/11. Suppose 1087 = l + r, -4347 = -a*l - 6*r + r. Suppose -18*f = -l - 820. List the prime factors of f.
2, 53
Let r(z) = -13 - 10*z - z - 10 - 1. Let t be r(-10). What are the prime factors of (-40)/(-60) + (-7)/(-6)*t?
101
Suppose -441*u = -285*u - 1319916. List the prime factors of u.
8461
Let u(j) = -j**3 + j**2. Let g be u(0). Suppose g = 3*s + 6*s - 63. Suppose 5*x + 0*t = 2*t + 58, x - 5*t = s. What are the prime factors of x?
2, 3
Suppose -4*o = 3*m - 9*o + 803, 0 = -4*o + 4. What are the prime factors of ((-2)/(-7) + (-393870)/m)/1?
1481
Suppose -15*a = 2*u - 12*a - 728, 0 = 5*u + 4*a - 1813. Let b = u - 319. List the prime factors of b.
2, 3, 7
Suppose -q + 300 = -313. Suppose -4*a + 1302 = 5*l, -3*a + 348 = -4*l - q. What are the prime factors of a?
17, 19
Suppose 156*i - 161*i = -15. Suppose -x + 678 = i*k, -k - 3*x = -4*x - 226. What are the prime factors of k?
2, 113
Let o = 2845 - 1964. List the prime factors of o.
881
Suppose -3890*l = -3874*l - 303952. What are the prime factors of l?
11, 157
Let l(x) = 2*x**3 + 38*x**2 + 17*x - 50. Let y be l(-15). Suppose -1330 = y*q - 1497*q. What are the prime factors of q?
5, 7, 19
Suppose -3*g - 9 = 0, 4*l - 60653 = 2*l + 5*g. What are the prime factors of l?
30319
Suppose -4*i - 4 = 0, 3*b - 11 = 7*i - 2*i. Suppose -650 = -b*d + 2*a, d = 4*a - 2*a + 324. What are the prime factors of d?
2, 163
Suppose c - 8 = 5*c, 5*p = -5*c - 30. Let d be (-236)/(-2) - (0 + p). What are the prime factors of (d/(-2))/(-2 - -1)?
61
Let v(a) = 8*a**3 - 9*a**2 - 17*a - 2. Let t be v(-3). Let p = t - -361. Let w = 116 - p. List the prime factors of w.
3
Let q = 23 - 18. Let y be (-6)/21 - ((-241520)/(-14))/(-5). What are the prime factors of 1/(5/y*q)?
2, 3, 23
Let u be (-2)/9 - (1470/(-54) + 0). Suppose 3 = 3*m, 5*m + u = -c - 3*c. Let o(t) = t**3 + 11*t**2 - t + 1. List the prime factors of o(c).
3, 67
Suppose -152*n - 192*n + 3894961 = -8183911. What are the prime factors of n?
13, 37, 73
Suppose -3*w + 26 = 5*n, -3*w - w - 5*n = -28. Suppose -350 = -3*m + 400. Suppose m = 4*h - h + w*a, 3*h + 4*a - 260 = 0. What are the prime factors of h?
2, 5
Let v(n) = -n - 13. Let u be v(-8). Let k(r) = 2*r**2 + 11*r + 18. Let q(l) = -3*l**2 - 10*l - 17. Let f(w) = u*k(w) - 4*q(w). List the prime factors of f(13).
11
Suppose 5*s + 3*b = -15, -4*s + 2*b - 13 - 21 = 0. Let w(d) = 4 + 6*d**2 + d**3 - 8*d - 2*d**2 + 3*d**2. What are the prime factors of w(s)?
2, 11
Suppose 4*f - 3 = -4*w + 1, 0 = 2*f - 5*w - 23. Suppose -c = -4*p + 14, -c + f*p - 6 = -4*c. What are the prime factors of c/(-5) + (-549)/(-15)?
37
Suppose -20*m - 27 = -29*m. Suppose -3*k - 3*v = -1911, k + 2*v - 641 = m*v. List the prime factors of k.
3, 71
Let t(l) = 71*l**2 + 51*l + 146. What are the prime factors of t(17)?
2, 7, 769
Let n = -170 - -192. Suppose -1522 = 21*h - n*h. What are the prime factors of h?
2, 761
Suppose -3*o + 2*z - 274881 = -8*o, 4*z = -5*o + 274897. List the prime factors of o.
54973
List the prime factors of 256/(-320)*((-622605)/(-24))/(8/(-32)).
2, 41507
Let t = -3556 + 3561. Let o(d) = 67*d + 2. Let q be o(5). Suppose -2*g = 8, 5*g - 253 - q = -t*p. List the prime factors of p.
2, 61
Let z(q) = -33*q - 180. Let c be z(26). List the prime factors of 4 - 3 - 7 - c.
2, 3, 43
Let p be 1*(-15)/6 + (-564)/24. Let k(j) = j**2 + 5*j - 21. What are the prime factors of k(p)?
3, 5, 7
Let c(z) = 10*z - 61. Suppose u = 4*p + 2*u - 25, 0 = 4*p + 4*u - 16. Let h be c(p). Suppose -a = h - 123. List the prime factors of a.
2, 3, 19
Suppose 421965 = 31*h + 38*h - 24*h. What are the prime factors of h?
9377
Suppose -u + 217 = 5*f, 5*f - 5*u - 37 = 198. Let a = f - 39. Suppose -356 = -4*v - 5*j, 4*v - 3*j - 344 = -a*j. List the prime factors of v.
2, 3, 7
Let u = 126 - 60. Suppose 0 = -q + 183 - u. What are the prime factors of q?
3, 13
Let x(a) = 7057*a**2 - 505*a - 1509. List the prime factors of x(-3).
3, 31, 683
Suppose -g - 16*f + 546 = -12*f, 0 = 3*g - 4*f - 1574. Suppose 452 = j + 4*q - g, 3*j - 3*q = 3021. What are the prime factors of j?
2, 3, 167
Let g(s) = -s**3 + 9*s**2 - 15*s + 9. Let z be g(7). Suppose -5*m - 98 = -z*i, -14 = m + 4*i - 3*i. Let o = 46 - m. What are the prime factors of o?
2
Let b(o) be the second derivative of -3*o - 11*o**2 - 61/6*o**3 + 0. List the prime factors of b(-4).
2, 3, 37
Suppose 3*m - 13865 - 6812 = -u, 3*u - m = 62051. List the prime